t is -2011 + -111112211211?
-111112220222
In base 14, what is 66 + 17262?
172c8
In base 11, what is 34a - 11a430?
-11a091
In base 14, what is -281a5 + -1114?
-292b9
In base 10, what is -287144 + 21?
-287123
In base 3, what is -1210 - 22002002201?
-22002011111
In base 3, what is 1211120102 - 110010021?
1101110011
In base 9, what is -34 + -205237?
-205272
In base 11, what is 2 + -33701a8?
-33701a6
In base 4, what is -32320 + -2002303?
-2101223
In base 2, what is -1010 - -100100000010100110011100001?
100100000010100110011010111
In base 11, what is a55 - -4132?
5087
In base 6, what is 5443001 - -401?
5443402
In base 4, what is 12301 - 133110312?
-133032011
In base 5, what is 1330310 - -10?
1330320
In base 4, what is 1023212022 - 2301?
1023203121
In base 7, what is -1536440 + -2312?
-1542052
In base 15, what is 7 + -7d05?
-7ced
In base 14, what is -62a3ca3 - 4?
-62a3ca7
In base 3, what is -1211002202212021 + 0?
-1211002202212021
In base 10, what is -76308445 + -10?
-76308455
In base 2, what is 10001000001110 - -1001110101000?
11010110110110
In base 12, what is -ba3b - -1756?
-a2a5
In base 14, what is 1 - b92a848?
-b92a847
In base 15, what is -49d0ab + 9?
-49d0a2
In base 9, what is -1484211 - 1?
-1484212
In base 15, what is -62b + 7e?
-59c
In base 6, what is 220410 - 20014?
200352
In base 2, what is -10 + 110010110100000011001110001?
110010110100000011001101111
In base 13, what is a1 + -149805?
-149734
In base 4, what is 30233020300 + -1202?
30233013032
In base 14, what is 1 + -196c22b?
-196c22a
In base 13, what is 0 - -13b4609?
13b4609
In base 14, what is 2c2 + -7584?
-72a2
In base 7, what is -1314506261 - 3?
-1314506264
In base 6, what is -3204 + -30420253?
-30423501
In base 16, what is 222768 - -1e?
222786
In base 16, what is 2c05aac + 3?
2c05aaf
In base 4, what is 3 - -10030202032?
10030202101
In base 16, what is a0b69 + -35?
a0b34
In base 11, what is 6a - -51447?
51506
In base 14, what is -42c674 + 8a?
-42c5c8
In base 16, what is 8d8 + -672?
266
In base 10, what is -51358147 + 4?
-51358143
In base 14, what is -30894ab - -2?
-30894a9
In base 6, what is 4422 - -40150?
45012
In base 8, what is 3 + 700172574?
700172577
In base 10, what is 938 - 2287?
-1349
In base 7, what is -3040040 + 4?
-3040033
In base 3, what is 1001020022001 - 1210?
1001020020021
In base 4, what is -1103301132310 - -3?
-1103301132301
In base 14, what is -6b9 + -581c?
-60d7
In base 2, what is 100000110100010110 - -1010110110?
100000111111001100
In base 10, what is -43 + 33454?
33411
In base 12, what is 5 - 6727219?
-6727214
In base 4, what is 2021223212213 + -3?
2021223212210
In base 12, what is 1908302 - -8?
190830a
In base 2, what is -10010001011011000101 - 100010?
-10010001011011100111
In base 6, what is -10142424 + 21221?
-10121203
In base 6, what is -330113413 + -23?
-330113440
In base 7, what is 1605412 - -14?
1605426
In base 7, what is -106 + 10664?
10555
In base 15, what is -3c701b - 7?
-3c7023
In base 9, what is -227438 - 73?
-227522
In base 7, what is -412 + -212446?
-213161
In base 7, what is 326342 + -2631?
323411
In base 14, what is 2c1422 + -77?
2c1389
In base 9, what is -3057861 + 4?
-3057856
In base 13, what is -4b - 2ca5b73?
-2ca5bc1
In base 10, what is -8739475 - 6?
-8739481
In base 9, what is 862 + -52871?
-52008
In base 10, what is -1 - 2163634?
-2163635
In base 16, what is 0 - -1b9e0ced?
1b9e0ced
In base 8, what is -5504704 - 43?
-5504747
In base 9, what is -3513811 - -6?
-3513804
In base 4, what is 2210330230031 - -10?
2210330230101
In base 15, what is 4 + 1cdec9?
1cdecd
In base 2, what is -111010 - -1100000000110001111?
1100000000101010101
In base 16, what is 17 + -11f794e?
-11f7937
In base 5, what is -222214101 - -11?
-222214040
In base 6, what is -2223 - 453315?
-455542
In base 8, what is -1415410 - 423?
-1416033
In base 11, what is 0 - -5a0864?
5a0864
In base 11, what is 1 + 15a92724?
15a92725
In base 2, what is 110101011110111011001011 - -101?
110101011110111011010000
In base 3, what is -111022200100011 - 100212?
-111022200201000
In base 8, what is -24310 - 12755?
-37265
In base 5, what is -230230 - 1432?
-232212
In base 14, what is -4c663 + -13?
-4c676
In base 9, what is 13233414 + -8?
13233405
In base 15, what is 11 + 1094a8?
1094b9
In base 7, what is 140442 - -116?
140561
In base 8, what is 167 + -1117062?
-1116673
In base 12, what is 3b82a7 - -134?
3b841b
In base 11, what is -10367 - 727?
-10a93
In base 15, what is -15bd0 - -43?
-15b8c
In base 10, what is 66399617 + -4?
66399613
In base 11, what is 506a92189 - 1?
506a92188
In base 14, what is 985 + -11c7d0?
-11bc49
In base 3, what is -11 - -1001000201222012?
1001000201222001
In base 10, what is 159042 + 3660?
162702
In base 6, what is 24211 + 301030?
325241
In base 7, what is -3315311 - 6?
-3315320
In base 6, what is -24053 - -3125?
-20524
In base 10, what is 151 + -517669?
-517518
In base 13, what is 1 + 134b54b1?
134b54b2
In base 5, what is 13421444421 + -212?
13421444204
In base 3, what is 101 + 200002020112022?
200002020112200
In base 13, what is 43 + 5a447?
5a48a
In base 6, what is -1542333 - 1333?
-1544110
In base 4, what is -11132230002 + -11022?
-11132301030
In base 16, what is 10c4458 + -1?
10c4457
In base 11, what is -93219 - 119?
-93337
In base 16, what is 438 + 2e603?
2ea3b
In base 7, what is 45 + 202105?
202153
In base 13, what is 125591 - -33?
1255c4
In base 2, what is -10100111 - -10101000111110100?
10101000101001101
In base 5, what is -24142031124 + 10?
-24142031114
In base 9, what is -13 - -7572037?
7572024
In base 7, what is 2620614 + -3?
2620611
In base 13, what is -ab56 - -17c?
-a9a7
In base 3, what is 100201002221 + 22?
100201010020
In base 2, what is -100 + -11000000111010010100000?
-11000000111010010100100
In base 5, what is -10 - -431200032244?
431200032234
In base 15, what is -2d0b4b - -32?
-2d0b19
In base 14, what is -c31 - -6d6b?
613a
In base 7, what is 3 + 10503341?
10503344
In base 8, what is 371466212 - -6?
371466220
In base 3, what is 121002 - -11202011102202?
11202012000211
In base 3, what is 2011110110 + -110100?
2011000010
In base 13, what is -649b3 + -16?
-649c9
In base 9, what is 24873051 - -47?
24873108
In base 9, what is 110032050 + -10?
110032040
In base 4, what is 101223 + 2233212?
3001101
In base 5, what is 4413422 - 21401?
4342021
In base 4, what is -2110110101 - 130112?
-2110300213
In base 12, what is -4 + -2b4226?
-2b422a
In base 5, what is 1241143 - 1012301?
223342
In base 12, what is -69728688 + -2?
-6972868a
In base 2, what is -1110 + -110111000111011011110?
-110111000111011101100
In base 7, what is -1 - 515650000?
-515650001
In base 2, what is 1000001000000 + -10110110000?
101010010000
In base 8, what is -4 - 1012715702?
-1012715706
In base 10, what is -5 + 13974471?
13974466
In base 5, what is -13130340 + 30?
-13130310
In base 2, what is -1110110010010111111 + 10111100101?
-1110101111011011010
In base 3, what is -12210 - 10102210001012?
-10102210020222
In base 12, what is b1 + -1279580?
-127948b
In base 2, what is -11 + 11010111001101100011?
11010111001101100000
In base 4, what is 1202332 + 201?
1203133
In base 15, what is 2e - 1561?
-1532
In base 8, what is -15155 + 250?
-14705
In base 9, what is -1 + -15157210?
-15157211
In base 2, what is 1011001110100000000 + -1?
1011001110011111111
In base 7, what is -51 - 11435063?
-11435144
In base 9, what is 0 - 34707755?
-34707755
In base 2, what is 100 + 10110001000111110100010000?
10110001000111110100010100
In base 4, what is 2112 + -12121232220?
-12121230102
In base 11, what is -1 - -1346098?
1346097
In base 7, what is 1206322050 + 4?
1206322054
In base 6, what is 0 + 402452413?
402452413
In base 2, what is 1 + -10101110011110110101010000?
-10101110011110110101001111
In base 8, what is -101 + 35723643?
35723542
In base 7, what is 226 + 523456?
524015
In base 11, what is 66 + -4023388?
-4023322
In base 5, what is -210 - -402422111?
402421401
In base 8, what is 34 - -1413337?
1413373
In base 15, what is -19 + -751?
-76a
In base 16, what is 6b5a + -40f?
674b
In base 2, what is -100001000 - 100001001101011?
-100001101110011
In base 15, what is 2926c73 - -1?
2926c74
In base 4, what is -121 + 1110223322?
1110223201
In base 11, what is 362 + -56a1a?
-56668
In base 14, what is -5 - c2dc25?
-c2dc2a
In base 7